st the prime factors of 943022.
2, 29, 71, 229
What are the prime factors of 14675110?
2, 5, 1467511
List the prime factors of 20852193.
3, 59, 117809
What are the prime factors of 210074?
2, 105037
List the prime factors of 7331956.
2, 61, 151, 199
What are the prime factors of 620283?
3, 199, 1039
List the prime factors of 2378558.
2, 7, 13, 1867
List the prime factors of 9941602.
2, 11, 41081
List the prime factors of 2356942.
2, 7, 168353
What are the prime factors of 2171486?
2, 163, 6661
What are the prime factors of 296328?
2, 3, 12347
What are the prime factors of 658329?
3, 7, 23, 29, 47
List the prime factors of 8852080.
2, 5, 110651
List the prime factors of 180783.
3, 53, 379
List the prime factors of 5343202.
2, 17, 41, 3833
List the prime factors of 26413068.
2, 3, 11, 401, 499
What are the prime factors of 14058323?
14058323
List the prime factors of 361894.
2, 13, 31, 449
What are the prime factors of 512172?
2, 3, 41, 347
What are the prime factors of 847312?
2, 52957
What are the prime factors of 1705732?
2, 7, 60919
List the prime factors of 996801.
3, 13, 61, 419
List the prime factors of 1876585.
5, 31, 12107
What are the prime factors of 21146009?
79, 267671
List the prime factors of 277066.
2, 17, 29, 281
List the prime factors of 141959.
141959
What are the prime factors of 658337?
41, 16057
What are the prime factors of 20602814?
2, 449, 22943
List the prime factors of 6060873.
3, 7, 13, 149
List the prime factors of 4245485.
5, 849097
List the prime factors of 191123.
191123
What are the prime factors of 13339150?
2, 5, 11, 79, 307
What are the prime factors of 3553336?
2, 444167
List the prime factors of 95505.
3, 5, 6367
List the prime factors of 1110170.
2, 5, 19, 5843
What are the prime factors of 10218891?
3, 89, 38273
What are the prime factors of 412377?
3, 7, 73, 269
List the prime factors of 363942.
2, 3, 20219
List the prime factors of 64320.
2, 3, 5, 67
What are the prime factors of 479931?
3, 159977
What are the prime factors of 776465?
5, 83, 1871
List the prime factors of 2776589.
2776589
What are the prime factors of 1201128?
2, 3, 50047
What are the prime factors of 269757?
3, 97, 103
List the prime factors of 87449.
157, 557
List the prime factors of 260977.
499, 523
List the prime factors of 556868.
2, 13, 10709
List the prime factors of 192823.
41, 4703
What are the prime factors of 1628237?
13, 251, 499
List the prime factors of 9973231.
239, 41729
What are the prime factors of 1420357?
1420357
What are the prime factors of 547314?
2, 3, 19, 4801
List the prime factors of 951424.
2, 7433
What are the prime factors of 4816180?
2, 5, 257, 937
What are the prime factors of 737362?
2, 127, 2903
What are the prime factors of 2431214?
2, 373, 3259
What are the prime factors of 3027931?
43, 67, 1051
List the prime factors of 215402.
2, 11, 9791
List the prime factors of 6702605.
5, 7, 13, 14731
What are the prime factors of 144622?
2, 167, 433
List the prime factors of 428393.
7, 19, 3221
What are the prime factors of 158847?
3, 13, 4073
List the prime factors of 282800.
2, 5, 7, 101
What are the prime factors of 28602425?
5, 163, 7019
List the prime factors of 342496.
2, 7, 11, 139
List the prime factors of 10884116.
2, 1123, 2423
List the prime factors of 2118232.
2, 264779
List the prime factors of 28791.
3, 7, 457
List the prime factors of 419852.
2, 43, 2441
List the prime factors of 6126514.
2, 3063257
List the prime factors of 439962.
2, 3, 73327
List the prime factors of 1618317.
3, 179813
List the prime factors of 25636979.
2069, 12391
What are the prime factors of 3573035?
5, 599, 1193
What are the prime factors of 10163428?
2, 11, 101, 2287
What are the prime factors of 404264?
2, 7, 7219
What are the prime factors of 166807?
166807
List the prime factors of 14522026.
2, 61, 119033
List the prime factors of 3920592.
2, 3, 13, 61, 103
List the prime factors of 3402710.
2, 5, 19, 17909
List the prime factors of 763426.
2, 381713
List the prime factors of 194075.
5, 7, 1109
List the prime factors of 3175494.
2, 3, 7, 1543
What are the prime factors of 763620?
2, 3, 5, 11, 13, 89
What are the prime factors of 2580792?
2, 3, 191, 563
List the prime factors of 56010.
2, 3, 5, 1867
List the prime factors of 2935058.
2, 7, 209647
List the prime factors of 71837.
71837
List the prime factors of 4102940.
2, 5, 271, 757
What are the prime factors of 715098?
2, 3, 119183
List the prime factors of 366022.
2, 23, 73, 109
What are the prime factors of 1474311?
3, 113, 4349
What are the prime factors of 77067?
3, 8563
What are the prime factors of 181461?
3, 7, 8641
What are the prime factors of 36174?
2, 3, 6029
List the prime factors of 1048904.
2, 131113
What are the prime factors of 196523?
196523
List the prime factors of 50706.
2, 3, 313
List the prime factors of 415153.
415153
List the prime factors of 1026642.
2, 3, 397, 431
List the prime factors of 12192975.
3, 5, 47, 1153
What are the prime factors of 309685?
5, 241, 257
What are the prime factors of 12929437?
59, 219143
What are the prime factors of 3090137?
743, 4159
What are the prime factors of 12763957?
17, 191, 3931
List the prime factors of 37578542.
2, 19, 988909
What are the prime factors of 3523668?
2, 3, 293639
What are the prime factors of 1607984?
2, 7, 293
List the prime factors of 1072302.
2, 3, 7, 11, 211
What are the prime factors of 218991?
3, 72997
What are the prime factors of 4428885?
3, 5, 295259
List the prime factors of 127015.
5, 7, 19, 191
What are the prime factors of 5232484?
2, 1308121
What are the prime factors of 175901?
11, 15991
What are the prime factors of 7831063?
23, 340481
List the prime factors of 3074782.
2, 1537391
What are the prime factors of 119096?
2, 14887
What are the prime factors of 901908?
2, 3, 7, 1193
What are the prime factors of 147359?
101, 1459
What are the prime factors of 18326563?
991, 18493
What are the prime factors of 3913378?
2, 7, 31, 71, 127
List the prime factors of 1726073.
521, 3313
What are the prime factors of 3622536?
2, 3, 31, 541
List the prime factors of 887302.
2, 13, 34127
What are the prime factors of 432249?
3, 149, 967
What are the prime factors of 129194?
2, 13, 4969
What are the prime factors of 6264050?
2, 5, 13, 23, 419
List the prime factors of 173116.
2, 113, 383
What are the prime factors of 873445?
5, 73, 2393
List the prime factors of 10588101.
3, 3529367
What are the prime factors of 2661437?
401, 6637
What are the prime factors of 85696?
2, 13, 103
What are the prime factors of 23396312?
2, 137, 21347
List the prime factors of 1072877.
13, 82529
List the prime factors of 35628498.
2, 3, 17, 761
What are the prime factors of 920911?
19, 2551
What are the prime factors of 72354?
2, 3, 31, 389
What are the prime factors of 286266?
2, 3, 47711
What are the prime factors of 608245?
5, 11, 11059
List the prime factors of 14957859.
3, 7, 712279
What are the prime factors of 910708?
2, 19, 23, 521
What are the prime factors of 375757?
375757
List the prime factors of 96593.
7, 13799
What are the prime factors of 189969?
3, 13, 4871
What are the prime factors of 1099400?
2, 5, 23, 239
What are the prime factors of 73428?
2, 3, 29, 211
What are the prime factors of 15103009?
15103009
List the prime factors of 632883.
3, 210961
What are the prime factors of 1619322?
2, 3, 269887
What are the prime factors of 473897?
31, 15287
List the prime factors of 13024.
2, 11, 37
List the prime factors of 26613099.
3, 73, 40507
What are the prime factors of 1089808?
2, 68113
List the prime factors of 12619902.
2, 3, 2103317
What are the prime factors of 279725?
5, 67, 167
List the prime factors of 53930.
2, 5, 5393
What are the prime factors of 156767?
13, 31, 389
List the prime factors of 606263.
7, 257, 337
What are the prime factors of 21264912?
2, 3, 147673
What are the prime factors of 155341?
31, 5011
List the prime factors of 3252167.
829, 3923
What are the prime factors of 1336924?
2, 334231
What are the prime factors of 478859?
389, 1231
What are the prime factors of 1156946?
2, 7, 23, 3593
What are the prime factors of 341162?
2, 43, 3967
What are the prime factors of 5449601?
5449601
List the prime factors of 22653130.
2, 5, 19, 119227
What are the prime factors of 21